{"id":29,"date":"2020-12-02T20:31:40","date_gmt":"2020-12-02T19:31:40","guid":{"rendered":"http:\/\/descheminsdartistes.com\/?page_id=29"},"modified":"2024-07-03T22:30:50","modified_gmt":"2024-07-03T20:30:50","slug":"qui-suis-je","status":"publish","type":"page","link":"https:\/\/descheminsdartistes.com\/index.php\/qui-suis-je\/","title":{"rendered":"Qui suis-je ?"},"content":{"rendered":"\n<figure class=\"wp-block-image size-large\"><img loading=\"lazy\" decoding=\"async\" width=\"1000\" height=\"700\" src=\"http:\/\/descheminsdartistes.com\/wp-content\/uploads\/2021\/01\/cecile.jpeg\" alt=\"\" class=\"wp-image-71\" srcset=\"https:\/\/descheminsdartistes.com\/wp-content\/uploads\/2021\/01\/cecile.jpeg 1000w, https:\/\/descheminsdartistes.com\/wp-content\/uploads\/2021\/01\/cecile-300x210.jpeg 300w, https:\/\/descheminsdartistes.com\/wp-content\/uploads\/2021\/01\/cecile-768x538.jpeg 768w\" sizes=\"auto, (max-width: 706px) 89vw, (max-width: 767px) 82vw, 740px\" \/><\/figure>\n\n\n\n<h5 class=\"wp-block-heading\" id=\"ma-formation\">Ma formation<\/h5>\n\n\n\n<p>Diplom\u00e9e du CNSM de Paris comme bassoniste et chambriste, je suis musicienne en orchestre depuis plus de vingt ans. <\/p>\n\n\n\n<p>J&rsquo;ai travaill\u00e9 dans de nombreuses formations nationales*. Je suis membre des concerts Colonne et de l&rsquo;Orchestre de chambre Pell\u00e9as. <\/p>\n\n\n\n<p>J&rsquo;ai collabor\u00e9 \u00e0 de nombreux projets artistiques ind\u00e9pendants : <strong>th\u00e9\u00e2tre<\/strong> au sein de <em>Com\u00e9diens &amp; Compagnie<\/em>, <strong>jazz<\/strong> avec<em> l&rsquo;Hymne au Soleil<\/em> de Lionel et St\u00e9phane Belmondo, et <strong>rock<\/strong> avec <em>The<\/em> <em>Color Bars Experience<\/em>. Vous trouverez les liens vers ces projets sur mon site.<\/p>\n\n\n\n<p>Ma formation au coaching d\u00e9bute en 2019 au sein de l&rsquo;\u00e9cole <em>Dialogue coach\/Evolusens<\/em>. <\/p>\n\n\n\n<p>J&rsquo;ai obtenu ma certification au coaching professionnel en 2021.<\/p>\n\n\n\n<h5 class=\"wp-block-heading\" id=\"ce-qui-me-porte\">Ce qui me porte<\/h5>\n\n\n\n<p>J&rsquo;aime profond\u00e9ment mon m\u00e9tier de musicienne et j&rsquo;ai la conviction que nos m\u00e9tiers d&rsquo;artistes sont essentiels dans le monde qui nous entoure.<\/p>\n\n\n\n<p>C&rsquo;est pourquoi j&rsquo;ai d\u00e9cid\u00e9 d&rsquo;apporter ma contribution artistique au monde professionnel.<\/p>\n\n\n\n<p><\/p>\n\n\n\n<h5 class=\"wp-block-heading\" id=\"les-formations-nationales-pour-lesquelles-j-ai-travaille\"><em>*Les formations nationales <\/em>pour lesquelles j&rsquo;ai travaill\u00e9<\/h5>\n\n\n\n<ul class=\"wp-block-list\" id=\"block-2d9a442f-4131-4f25-8752-c267161afaaa\">\n<li><em>l&rsquo;Orchestre National de France<\/em><\/li>\n\n\n\n<li><em>l&rsquo;Orchestre Philarmonique de Radio France<\/em><\/li>\n\n\n\n<li><em>L&rsquo;Op\u00e9ra de Paris<\/em><\/li>\n\n\n\n<li><em>l&rsquo;Orchestre du Capitole de Toulouse<\/em><\/li>\n\n\n\n<li><em>l&rsquo;Orchestre National des Pays de la Loire<\/em><\/li>\n\n\n\n<li><em>l&rsquo;Orchestre d&rsquo;Auvergne<\/em><\/li>\n\n\n\n<li><em>l&rsquo;Orchestre des Pays de Savoie<\/em><\/li>\n\n\n\n<li><em>l&rsquo;Op\u00e9ra National de Lorraine<\/em><\/li>\n\n\n\n<li><em>L&rsquo;Orchestre de Normandie<\/em><\/li>\n<\/ul>\n","protected":false},"excerpt":{"rendered":"<p>Ma formation Diplom\u00e9e du CNSM de Paris comme bassoniste et chambriste, je suis musicienne en orchestre depuis plus de vingt ans. J&rsquo;ai travaill\u00e9 dans de nombreuses formations nationales*. Je suis membre des concerts Colonne et de l&rsquo;Orchestre de chambre Pell\u00e9as. J&rsquo;ai collabor\u00e9 \u00e0 de nombreux projets artistiques ind\u00e9pendants : th\u00e9\u00e2tre au sein de Com\u00e9diens &amp; &hellip; <\/p>\n<p class=\"link-more\"><a href=\"https:\/\/descheminsdartistes.com\/index.php\/qui-suis-je\/\" class=\"more-link\">Continuer la lecture<span class=\"screen-reader-text\"> de &laquo;&nbsp;Qui suis-je ?&nbsp;&raquo;<\/span><\/a><\/p>\n","protected":false},"author":1,"featured_media":0,"parent":0,"menu_order":0,"comment_status":"closed","ping_status":"closed","template":"","meta":{"footnotes":""},"class_list":["post-29","page","type-page","status-publish","hentry"],"_links":{"self":[{"href":"https:\/\/descheminsdartistes.com\/index.php\/wp-json\/wp\/v2\/pages\/29","targetHints":{"allow":["GET"]}}],"collection":[{"href":"https:\/\/descheminsdartistes.com\/index.php\/wp-json\/wp\/v2\/pages"}],"about":[{"href":"https:\/\/descheminsdartistes.com\/index.php\/wp-json\/wp\/v2\/types\/page"}],"author":[{"embeddable":true,"href":"https:\/\/descheminsdartistes.com\/index.php\/wp-json\/wp\/v2\/users\/1"}],"replies":[{"embeddable":true,"href":"https:\/\/descheminsdartistes.com\/index.php\/wp-json\/wp\/v2\/comments?post=29"}],"version-history":[{"count":15,"href":"https:\/\/descheminsdartistes.com\/index.php\/wp-json\/wp\/v2\/pages\/29\/revisions"}],"predecessor-version":[{"id":2762,"href":"https:\/\/descheminsdartistes.com\/index.php\/wp-json\/wp\/v2\/pages\/29\/revisions\/2762"}],"wp:attachment":[{"href":"https:\/\/descheminsdartistes.com\/index.php\/wp-json\/wp\/v2\/media?parent=29"}],"curies":[{"name":"wp","href":"https:\/\/api.w.org\/{rel}","templated":true}]}}