{"id":31,"date":"2020-12-02T20:31:59","date_gmt":"2020-12-02T19:31:59","guid":{"rendered":"http:\/\/descheminsdartistes.com\/?page_id=31"},"modified":"2024-07-03T22:27:37","modified_gmt":"2024-07-03T20:27:37","slug":"pourquoi-le-coaching","status":"publish","type":"page","link":"https:\/\/descheminsdartistes.com\/index.php\/pourquoi-le-coaching\/","title":{"rendered":"Pourquoi le coaching ?"},"content":{"rendered":"\n<div class=\"wp-block-media-text alignwide is-vertically-aligned-top is-stacked-on-mobile\"><figure class=\"wp-block-media-text__media\"><img loading=\"lazy\" decoding=\"async\" width=\"1024\" height=\"753\" src=\"http:\/\/descheminsdartistes.com\/wp-content\/uploads\/2021\/04\/point-sans-fond-1024x753.png\" alt=\"\" class=\"wp-image-130 size-full\" srcset=\"https:\/\/descheminsdartistes.com\/wp-content\/uploads\/2021\/04\/point-sans-fond-1024x753.png 1024w, https:\/\/descheminsdartistes.com\/wp-content\/uploads\/2021\/04\/point-sans-fond-300x221.png 300w, https:\/\/descheminsdartistes.com\/wp-content\/uploads\/2021\/04\/point-sans-fond-768x565.png 768w, https:\/\/descheminsdartistes.com\/wp-content\/uploads\/2021\/04\/point-sans-fond-1536x1130.png 1536w, https:\/\/descheminsdartistes.com\/wp-content\/uploads\/2021\/04\/point-sans-fond-2048x1506.png 2048w\" sizes=\"auto, (max-width: 706px) 89vw, (max-width: 767px) 82vw, 740px\" \/><\/figure><div class=\"wp-block-media-text__content\">\n<p><\/p>\n\n\n\n<p><strong>Parce que<\/strong> c&rsquo;est un processus profond\u00e9ment humain qui part du principe que nous avons les comp\u00e9tences et le potentiel pour trouver nos propres solutions. Mon r\u00f4le sera d&rsquo;agir comme catalyseur, facilitateur du changement.<\/p>\n\n\n\n<p><strong>Parce que<\/strong> le coaching cr\u00e9e un espace o\u00f9 l&rsquo;on peut \u00e9vacuer ce qui fait obstacle \u00e0 notre objectif, exprimer nos aspirations, d\u00e9velopper des atouts, am\u00e9liorer nos performances, se constituer \u00ab\u00a0une boite \u00e0 outils\u00a0\u00bb.<\/p>\n<\/div><\/div>\n\n\n\n<p><\/p>\n\n\n\n<h4 class=\"wp-block-heading has-text-align-center\">Le but est de trouver son style et harmoniser ses talents pour :<\/h4>\n\n\n\n<blockquote class=\"wp-block-quote is-layout-flow wp-block-quote-is-layout-flow\">\n<p class=\"has-text-align-center\">R\u00e9ussir sa prise de poste<br>R\u00e9pondre aux enjeux de la transformation permanente<br>Orchestrer la performance de ses \u00e9quipes<\/p>\n<\/blockquote>\n\n\n\n<p><\/p>\n","protected":false},"excerpt":{"rendered":"<p>Parce que c&rsquo;est un processus profond\u00e9ment humain qui part du principe que nous avons les comp\u00e9tences et le potentiel pour trouver nos propres solutions. Mon r\u00f4le sera d&rsquo;agir comme catalyseur, facilitateur du changement. Parce que le coaching cr\u00e9e un espace o\u00f9 l&rsquo;on peut \u00e9vacuer ce qui fait obstacle \u00e0 notre objectif, exprimer nos aspirations, d\u00e9velopper &hellip; <\/p>\n<p class=\"link-more\"><a href=\"https:\/\/descheminsdartistes.com\/index.php\/pourquoi-le-coaching\/\" class=\"more-link\">Continuer la lecture<span class=\"screen-reader-text\"> de &laquo;&nbsp;Pourquoi le coaching ?&nbsp;&raquo;<\/span><\/a><\/p>\n","protected":false},"author":1,"featured_media":0,"parent":0,"menu_order":0,"comment_status":"closed","ping_status":"closed","template":"","meta":{"footnotes":""},"class_list":["post-31","page","type-page","status-publish","hentry"],"_links":{"self":[{"href":"https:\/\/descheminsdartistes.com\/index.php\/wp-json\/wp\/v2\/pages\/31","targetHints":{"allow":["GET"]}}],"collection":[{"href":"https:\/\/descheminsdartistes.com\/index.php\/wp-json\/wp\/v2\/pages"}],"about":[{"href":"https:\/\/descheminsdartistes.com\/index.php\/wp-json\/wp\/v2\/types\/page"}],"author":[{"embeddable":true,"href":"https:\/\/descheminsdartistes.com\/index.php\/wp-json\/wp\/v2\/users\/1"}],"replies":[{"embeddable":true,"href":"https:\/\/descheminsdartistes.com\/index.php\/wp-json\/wp\/v2\/comments?post=31"}],"version-history":[{"count":22,"href":"https:\/\/descheminsdartistes.com\/index.php\/wp-json\/wp\/v2\/pages\/31\/revisions"}],"predecessor-version":[{"id":2760,"href":"https:\/\/descheminsdartistes.com\/index.php\/wp-json\/wp\/v2\/pages\/31\/revisions\/2760"}],"wp:attachment":[{"href":"https:\/\/descheminsdartistes.com\/index.php\/wp-json\/wp\/v2\/media?parent=31"}],"curies":[{"name":"wp","href":"https:\/\/api.w.org\/{rel}","templated":true}]}}